2. What are the prime factors of u?
37
Suppose 0 = 2*i + 14 + 16. Let p = i - 20. Let b = -13 - p. What are the prime factors of b?
2, 11
Let t(z) = z + 179. What are the prime factors of t(-37)?
2, 71
Let d(k) = -5*k - 42. Suppose 4*y + 71 = 3*r, 2*y + 2*y + 81 = 5*r. List the prime factors of d(y).
2, 7
Suppose m + 3*j - 348 = 0, -3*m - 5*j + 1044 = -3*j. Suppose -42*s + 44*s - m = 0. What are the prime factors of s?
2, 3, 29
Let f(b) = -b**2 - 21*b + 26. Let x be f(-22). Suppose -q - 4*w + 123 = 2*q, -x*q + 2*w + 186 = 0. What are the prime factors of q?
3, 5
Let n = 10 + -51. Let o = n + 127. What are the prime factors of o?
2, 43
Let j = -212 + 1164. What are the prime factors of j?
2, 7, 17
Let v(x) = 2*x**2 + 10*x - 3. Let a be v(-9). Let s = 103 - a. List the prime factors of s.
2, 17
Suppose 3*q + 5*m = 170, 7*m = -5*q + 3*m + 266. Suppose 0 = -2*i + 54 + q. What are the prime factors of i?
2, 13
Let h(n) = 4*n**3 - 27*n**2 - n - 4. What are the prime factors of h(9)?
2, 179
Let c = 24 + -11. Let f(y) = 15 + 121*y + 144*y - y**2 - 249*y. What are the prime factors of f(c)?
2, 3
Suppose 2*p + 18 = 3*r, -r - 6 = 3*p - 1. Let h be 3/6 - 190/r. List the prime factors of -3 + 1 - 1*h.
3, 5
Suppose 9374 = 5*n + 4*a, 38*n + 9394 = 43*n - a. What are the prime factors of n?
2, 3, 313
Suppose 42*v - 47*v + 2160 = 0. List the prime factors of v.
2, 3
Let w(f) = -18*f - 32. Suppose q + 19 = -3*o, 5*q = 3*q - 8. List the prime factors of w(o).
2, 29
Let q be 32 - (4/(-2) + 4). Suppose -3*g - 38 = -3*p - 11, 0 = 3*p - 4*g - q. Suppose -3*n + 140 = -2*i + p*i, -i = 5*n - 52. List the prime factors of i.
2
Let q be ((-14)/(-21))/(2/9). Suppose 0*d - 15 = -3*d - q*i, 4*d - 4*i - 20 = 0. What are the prime factors of d?
5
Suppose -1486 = -3*d + s, 3*s - 888 + 3366 = 5*d. What are the prime factors of d?
3, 5, 11
Let n be -7 + 4 - 9/(-3). Suppose 4*x + 8*x - 648 = n. What are the prime factors of x?
2, 3
Suppose 20*b = 5*b + 20370. List the prime factors of b.
2, 7, 97
Let p = 108 + 198. List the prime factors of p.
2, 3, 17
Let m(w) = 2*w - 8. Let p be m(5). What are the prime factors of (((-176)/12)/(-4))/(p/24)?
2, 11
Suppose -5*b + 3*a + 945 = 0, -3*b + 556 = -2*a - 2*a. Let n = b - 89. What are the prime factors of n?
103
Let w(r) = 2410*r - 59. What are the prime factors of w(1)?
2351
Suppose -3*y + 2*y = -j - 84, 5 = -j. Let p = 35 - y. Let a = -12 - p. What are the prime factors of a?
2
Let p(v) = v**2 + 14*v + 13. Let b be p(-13). Suppose -5*y - 275 = -2*c - 1155, b = 3*y + 3*c - 549. List the prime factors of y.
2, 89
Let f = 24 - 14. Suppose f = 3*w + 1. Suppose -t + w*t = 10. What are the prime factors of t?
5
Suppose -14*p - 12*p = -13962. What are the prime factors of p?
3, 179
Let l = 4906 - 1610. Suppose -l + 76 = -10*c. List the prime factors of c.
2, 7, 23
Let m = -1 - -5. Suppose 2*v - 4*v + m = 0. Suppose -k + 44 = t + v*t, k = -4*t + 47. List the prime factors of k.
5, 7
Let i(g) = -44*g + 68. List the prime factors of i(-10).
2, 127
Suppose 0 = -2*a - 3*a - 4*c + 1187, 0 = -2*a - 3*c + 479. Let n = a - 126. What are the prime factors of n?
109
Suppose -2*l - 2*a + 612 = -6*a, 5*l = a + 1494. Suppose 5*y - 4*h - 364 = -6*h, -4*y + l = 5*h. What are the prime factors of y?
2, 3
Let t = -3 + -4. Let n = -3 - t. List the prime factors of -1 - (8/n - 32).
29
Let s be 1 + (-1)/(-1)*-1. Suppose -3*i - 2*z = -0*i - 4, s = -5*i + 4*z - 8. Let q = 5 + i. List the prime factors of q.
5
Let t = -13 - -8. Let i = 8 + t. Suppose i*n - 92 = -5*h + 7*n, -2*n - 38 = -2*h. What are the prime factors of h?
2
Let g be (-4)/(3 - (-2643)/(-879)). Let p = g + -314. Suppose 3*b = -b + p. List the prime factors of b.
2, 17
Suppose -4*u - 12288 = -4*f, -4*u + 6138 = -66*f + 68*f. List the prime factors of f.
37, 83
What are the prime factors of 5*12/90*1422?
2, 3, 79
Let h(q) = q**2 - 6*q - 7. Let w = 5 - -3. Let u be h(w). Let l = 3 + u. List the prime factors of l.
2, 3
Suppose 0 = -2*z + 8*z. Suppose f + w = 210, z*f + 638 = 3*f + w. What are the prime factors of f?
2, 107
Let i(v) = v**2 + 7*v + 9. Let g be i(-6). Suppose -f - 4*r + 19 = 0, -2*f + 4*f = -g*r + 18. What are the prime factors of (17 - 0) + f + 2?
2, 11
Suppose v - 1444 = 4*f, 4*v - 8*f + 12*f = 5776. List the prime factors of v.
2, 19
Suppose 0 = 2*c - 2*w + 4, 14 = -2*c - 4*w + 4. Let z = 7 + c. What are the prime factors of z?
2
Let x = 70 - -2197. List the prime factors of x.
2267
Let x be 60/50*10/4. What are the prime factors of 2286/(-45)*x/(-6)*5?
127
Let c(b) = -60*b + 1. Suppose -4*a = -10*a - 6. List the prime factors of c(a).
61
Suppose 7*d - 5*h - 32343 = 0, 2*h + 26620 = 4*d + 8140. List the prime factors of d.
31, 149
Let z be (7/((-14)/(-40)))/2. Let v be (-81 - z)*12/(-14). Let a = v + -50. What are the prime factors of a?
2, 7
Let b(a) = a**2 - 12*a + 14. Let v be b(11). Suppose -4*q + 24 = v*d, -13 = -5*d + d + q. Suppose -d*f + 24 = -f. What are the prime factors of f?
2
Let d be 3/30*-8*-25. Let w be d/(0 - -2)*47. List the prime factors of (1/2)/(5/w).
47
Suppose -3*h = g - 4532 - 2560, -h + 4*g + 2351 = 0. List the prime factors of h.
17, 139
Let b = -2045 + 2972. Suppose -3*n = 6*n - b. List the prime factors of n.
103
Let f(h) = 8*h + 67. Let c be f(22). Suppose 2*q = c - 21. List the prime factors of q.
3, 37
Suppose 3*t - 6 = -0*t. Let i be (t/6)/(4/48). Suppose -i*l = -83 - 21. What are the prime factors of l?
2, 13
Let g(l) = -11*l**3 + l**2 - 1. Let i be g(-1). What are the prime factors of (i + -3)*(-27)/(-4)?
2, 3
Suppose 0 = 115*w - 116*w + 2. Let t(z) = 17*z**3 + 4*z - 4. List the prime factors of t(w).
2, 5, 7
Let u(y) = 212*y + 3. Let f be u(1). Suppose 2*o - x = f, 3*x + 5 - 20 = 0. What are the prime factors of o?
2, 5, 11
What are the prime factors of (-13638)/(-34) - (-162)/(-1377)?
401
Let t = 39 + -17. Suppose 0 = 3*v + t - 28. What are the prime factors of v?
2
Let b be (-6)/18 + 13/3. Suppose -236 = b*y - 644. Suppose 93 = 5*l - y. What are the prime factors of l?
3, 13
Let h = -20 - -15. Let s(f) = 3*f**2 + 5*f - 6. List the prime factors of s(h).
2, 11
Suppose 3*a = 14 - 5. Let y(r) = r**3 - 2*r**2 + r + 2. Let j be y(a). Let b(h) = 2*h. What are the prime factors of b(j)?
2, 7
Let z(j) = 39*j**3 + j**2. Let v(s) be the third derivative of -s**6/120 + s**5/30 + s**3/6 + 5*s**2. Let y be v(2). List the prime factors of z(y).
2, 5
Let g be (-10)/(-45) + (-21)/(-27). Let l be (g - -2) + 40 + -5. Suppose h = l + 14. What are the prime factors of h?
2, 13
Suppose 0 = 2*h + 2*a - 6*a + 208, 391 = -4*h + 3*a. Let n = -32 - h. What are the prime factors of n?
2, 31
Let l = 149 - 258. Let d = 187 + l. Suppose p + d = 4*p. What are the prime factors of p?
2, 13
Suppose -95 + 257 = 3*a. List the prime factors of a.
2, 3
Let t(s) be the second derivative of s**3/3 + 11*s**2 - 15*s. List the prime factors of t(22).
2, 3, 11
Let m = -107 + 98. List the prime factors of ((-12)/m)/2*24.
2
Let a = -8 + 11. List the prime factors of a*28/48*4.
7
Let j = 7943 + -3635. What are the prime factors of j?
2, 3, 359
Let d(v) = 3*v**2 - 5*v - 4. Let w(p) = p**2 + p - 4. Let h be w(4). Let o be 39/104 - (-58)/h. List the prime factors of d(o).
2, 3
Let m be 1 + -2 + (-4 - -7). Suppose 38 = m*g - 112. What are the prime factors of g?
3, 5
Let y(n) = n**3 - 6*n**2 + 5*n + 2. Let o be y(5). Suppose -o - 2 = k, -2*k + 164 = -4*p. List the prime factors of (-3 - p)/4 + -3.
7
Let s(u) = -2*u**3 - 19*u**2 + 8*u - 13. Let t be s(-10). What are the prime factors of -1*(-3 - -2) + 23*t?
2, 3
List the prime factors of ((-6)/4)/((-5)/2170*1).
3, 7, 31
Let x(p) = -381*p + 1. List the prime factors of x(-9).
2, 5, 7
Let h(g) be the first derivative of g**4/4 - 2*g**3/3 + 7*g**2/2 - 11*g + 17. List the prime factors of h(5).
3, 11
Let c(y) = 28 + 3*y + y**2 - 36 - 19. What are the prime factors of c(-15)?
3, 17
Suppose -4*r - 2*p = 2*p - 20, 4*r = 3*p + 6. Let x = -92 - -129. Suppose -5*m - r*g - 53 + 178 = 0, -m - 3*g = -x. What are the prime factors of m?
2, 11
List the prime factors of (38 - 12/(-3)) + 4.
2, 23
Let o(f) = -f**3 - 2*f**2 - 4*f + 1. Let d be (16/4 - 4) + -3. List the prime factors of o(d).
2, 11
Let p(d) = -d**3 + 5*d**2 + 14*d + 10. Let o = -45 - -52. List the 